{"id":35,"date":"2013-07-24T17:38:05","date_gmt":"2013-07-24T15:38:05","guid":{"rendered":"http:\/\/wp.internist-ab.de\/?page_id=35"},"modified":"2026-03-25T23:14:21","modified_gmt":"2026-03-25T22:14:21","slug":"impressum","status":"publish","type":"page","link":"https:\/\/wp.internist-ab.de\/?page_id=35","title":{"rendered":"Impressum"},"content":{"rendered":"<h2><span style=\"color: #000000;\">Impressum &#8211; Pflichtangaben nach \u00a7 6 Teledienstgesetz (TDG):<\/span><\/h2>\n<ul>\n<li><span style=\"color: #000000;\">Namen: Dr. med. Christof Rehbein, Dr. med. Anke van der Does<\/span><\/li>\n<li><span style=\"color: #000000;\">Gesetzliche Berufsbezeichnung:\u00a0 Arzt, \u00c4rztin<\/span><\/li>\n<li><span style=\"color: #000000;\">Praxisanschrift: Wei\u00dfenburger Str. 20-24, 63739 Aschaffenburg<\/span><\/li>\n<li><span style=\"color: #000000;\">Telefon: 06021-12071<\/span><\/li>\n<li><span style=\"color: #000000;\">Telefax:\u00a0 06021- 218964, 06021-12073<\/span><\/li>\n<li><span style=\"color: #000000;\">E-Mail:\u00a0 info (at) internist-ab.de<\/span><\/li>\n<li><span style=\"color: #000000;\">URL:<\/span> <a href=\"http:\/\/www.internist-ab.de\" target=\"_blank\" rel=\"noopener noreferrer\">http:\/\/www.internist-ab.de<\/a><\/li>\n<li><span style=\"color: #000000;\">Staat der Approbationsverleihung: Bundesrepublik Deutschland\u00a0 (Baden-W\u00fcrttemberg, Hessen)<\/span><\/li>\n<li><span style=\"color: #000000;\">\u00c4rztekammer: Bayerische Landes\u00e4rztekammer, M\u00fchlbaurstr. 16, 81677 M\u00fcnchen, <\/span><a href=\"http:\/\/www.blaek.de\/\" target=\"_blank\" rel=\"noopener noreferrer\">http:\/\/www.blaek.de<\/a><\/li>\n<li><span style=\"color: #000000;\">Kassen\u00e4rztliche Vereinigung (zust\u00e4ndige Aufsichtsbeh\u00f6rde): Kassen\u00e4rztliche Vereinigung Bayerns, Arabellastr. 30, 81925 M\u00fcnchen,<\/span> <a href=\"http:\/\/www.kvb.de\" target=\"_blank\" rel=\"noopener noreferrer\">http:\/\/www.kvb.de<\/a><\/li>\n<li><span style=\"color: #000000;\">Berufsrechtliche Regelungen:<\/span> <a href=\"http:\/\/www.blaek.de\/pdf_rechtliches\/haupt\/Berufsordnung.pdf\" target=\"_blank\" rel=\"noopener noreferrer\">Berufsordnung f\u00fcr die \u00c4rzte Bayerns<\/a><\/li>\n<\/ul>\n<hr \/>\n<h2><span style=\"color: #000000;\">Angaben zur Informationspflicht bez\u00fcglich des Gesetzes \u00fcber die alternative Streitbeilegung in Verbrauchersachen (VSBG)<\/span><\/h2>\n<p><span style=\"color: #000000;\">Gem\u00e4\u00df \u00a7 36 VSBG wird hiermit festgestellt, dass unsere Praxis im Streitfall nicht zur Teilnahme an au\u00dfergerichtlichen Streitbeilegungsverfahren verpflichtet ist und deshalb nicht an derartigen Schlichtungsverfahren teilnimmt.<\/span><\/p>\n<h2><span style=\"color: #000000;\">Angaben zur Haftpflichtversicherung (VSBG)<\/span><\/h2>\n<p id=\"d1e39-36-1\" class=\"oj-doc-ti\"><span style=\"font-size: 12pt; color: #000000;\">Gem\u00e4\u00df Artikel 2f der\u00a0 Richtlinie 2006\/123\/EG des Europ\u00e4ischen Parlaments und des Rates vom 12. Dezember 2006 \u00fcber Dienstleistungen im Binnenmarkt sind Gesundheitsdienstleister ausdr\u00fccklich von der Pflicht zur Nennung der Haftpflichtversicherungsdetails befreit.<\/span><\/p>\n<hr \/>\n<p><span style=\"color: #000000;\">Die in diesem Impressum gemachten Angaben gelten auch f\u00fcr alle weitere Pr\u00e4senzen unserer Praxis im Internet.<\/span><\/p>\n<hr \/>\n<p>&nbsp;<\/p>\n<p><span style=\"color: #000000;\"><strong>Impressum als pdf:\u00a0 \u00a0 <\/strong><\/span><span style=\"color: #000000;\"><a href=\"https:\/\/wp.internist-ab.de\/?ddownload=2060\" title=\"Download\" rel=\"nofollow\" class=\"ddownload-link id-2060 ext-pdf\">Download<\/a><\/span><\/p>\n","protected":false},"excerpt":{"rendered":"<p>Impressum &#8211; Pflichtangaben nach \u00a7 6 Teledienstgesetz (TDG): Namen: Dr. med. Christof Rehbein, Dr. med. Anke van der Does Gesetzliche Berufsbezeichnung:\u00a0 Arzt, \u00c4rztin Praxisanschrift: Wei\u00dfenburger Str. 20-24, 63739 Aschaffenburg Telefon: 06021-12071 Telefax:\u00a0 06021- 218964, 06021-12073 E-Mail:\u00a0 info (at) internist-ab.de URL:<\/p>\n","protected":false},"author":1,"featured_media":0,"parent":0,"menu_order":8,"comment_status":"closed","ping_status":"closed","template":"","meta":{"footnotes":""},"class_list":["post-35","page","type-page","status-publish","hentry"],"_links":{"self":[{"href":"https:\/\/wp.internist-ab.de\/index.php?rest_route=\/wp\/v2\/pages\/35","targetHints":{"allow":["GET"]}}],"collection":[{"href":"https:\/\/wp.internist-ab.de\/index.php?rest_route=\/wp\/v2\/pages"}],"about":[{"href":"https:\/\/wp.internist-ab.de\/index.php?rest_route=\/wp\/v2\/types\/page"}],"author":[{"embeddable":true,"href":"https:\/\/wp.internist-ab.de\/index.php?rest_route=\/wp\/v2\/users\/1"}],"replies":[{"embeddable":true,"href":"https:\/\/wp.internist-ab.de\/index.php?rest_route=%2Fwp%2Fv2%2Fcomments&post=35"}],"version-history":[{"count":33,"href":"https:\/\/wp.internist-ab.de\/index.php?rest_route=\/wp\/v2\/pages\/35\/revisions"}],"predecessor-version":[{"id":2071,"href":"https:\/\/wp.internist-ab.de\/index.php?rest_route=\/wp\/v2\/pages\/35\/revisions\/2071"}],"wp:attachment":[{"href":"https:\/\/wp.internist-ab.de\/index.php?rest_route=%2Fwp%2Fv2%2Fmedia&parent=35"}],"curies":[{"name":"wp","href":"https:\/\/api.w.org\/{rel}","templated":true}]}}

<h2><span style="color: #000000;">Impressum &#8211; Pflichtangaben nach § 6 Teledienstgesetz (TDG):</span></h2>
<ul>
<li><span style="color: #000000;">Namen: Dr. med. Christof Rehbein, Dr. med. Anke van der Does</span></li>
<li><span style="color: #000000;">Gesetzliche Berufsbezeichnung:  Arzt, Ärztin</span></li>
<li><span style="color: #000000;">Praxisanschrift: Weißenburger Str. 20-24, 63739 Aschaffenburg</span></li>
<li><span style="color: #000000;">Telefon: 06021-12071</span></li>
<li><span style="color: #000000;">Telefax:  06021- 218964, 06021-12073</span></li>
<li><span style="color: #000000;">E-Mail:  info (at) internist-ab.de</span></li>
<li><span style="color: #000000;">URL:</span> <a href="http://www.internist-ab.de" target="_blank" rel="noopener noreferrer">http://www.internist-ab.de</a></li>
<li><span style="color: #000000;">Staat der Approbationsverleihung: Bundesrepublik Deutschland  (Baden-Württemberg, Hessen)</span></li>
<li><span style="color: #000000;">Ärztekammer: Bayerische Landesärztekammer, Mühlbaurstr. 16, 81677 München, </span><a href="http://www.blaek.de/" target="_blank" rel="noopener noreferrer">http://www.blaek.de</a></li>
<li><span style="color: #000000;">Kassenärztliche Vereinigung (zuständige Aufsichtsbehörde): Kassenärztliche Vereinigung Bayerns, Arabellastr. 30, 81925 München,</span> <a href="http://www.kvb.de" target="_blank" rel="noopener noreferrer">http://www.kvb.de</a></li>
<li><span style="color: #000000;">Berufsrechtliche Regelungen:</span> <a href="http://www.blaek.de/pdf_rechtliches/haupt/Berufsordnung.pdf" target="_blank" rel="noopener noreferrer">Berufsordnung für die Ärzte Bayerns</a></li>
</ul>
<hr />
<h2><span style="color: #000000;">Angaben zur Informationspflicht bezüglich des Gesetzes über die alternative Streitbeilegung in Verbrauchersachen (VSBG)</span></h2>
<p><span style="color: #000000;">Gemäß § 36 VSBG wird hiermit festgestellt, dass unsere Praxis im Streitfall nicht zur Teilnahme an außergerichtlichen Streitbeilegungsverfahren verpflichtet ist und deshalb nicht an derartigen Schlichtungsverfahren teilnimmt.</span></p>
<h2><span style="color: #000000;">Angaben zur Haftpflichtversicherung (VSBG)</span></h2>
<p id="d1e39-36-1" class="oj-doc-ti"><span style="font-size: 12pt; color: #000000;">Gemäß Artikel 2f der  Richtlinie 2006/123/EG des Europäischen Parlaments und des Rates vom 12. Dezember 2006 über Dienstleistungen im Binnenmarkt sind Gesundheitsdienstleister ausdrücklich von der Pflicht zur Nennung der Haftpflichtversicherungsdetails befreit.</span></p>
<hr />
<p><span style="color: #000000;">Die in diesem Impressum gemachten Angaben gelten auch für alle weitere Präsenzen unserer Praxis im Internet.</span></p>
<hr />
<p>&nbsp;</p>
<p><span style="color: #000000;"><strong>Impressum als pdf:    </strong></span><span style="color: #000000;"><a href="https://wp.internist-ab.de/?ddownload=2060" title="Download" rel="nofollow" class="ddownload-link id-2060 ext-pdf">Download</a></span></p>

<p>Impressum &#8211; Pflichtangaben nach § 6 Teledienstgesetz (TDG): Namen: Dr. med. Christof Rehbein, Dr. med. Anke van der Does Gesetzliche Berufsbezeichnung:  Arzt, Ärztin Praxisanschrift: Weißenburger Str. 20-24, 63739 Aschaffenburg Telefon: 06021-12071 Telefax:  06021- 218964, 06021-12073 E-Mail:  info (at) internist-ab.de URL:</p>
