{"id":33,"date":"2013-07-24T17:32:48","date_gmt":"2013-07-24T15:32:48","guid":{"rendered":"http:\/\/wp.internist-ab.de\/?page_id=33"},"modified":"2024-01-22T18:36:42","modified_gmt":"2024-01-22T17:36:42","slug":"kontakt","status":"publish","type":"page","link":"https:\/\/wp.internist-ab.de\/?page_id=33","title":{"rendered":"Kontakt"},"content":{"rendered":"<h3><span style=\"color: #000000;\">Unsere Kontaktdaten:<\/span><\/h3>\n<p><span style=\"color: #000000;\">Wei\u00dfenburger Str. 20-24, 63739 Aschaffenburg<\/span><br \/>\n<span style=\"color: #000000;\">Telefon 06021 &#8211; 12071, Fax 06021-12073<\/span><br \/>\n<span style=\"color: #000000;\">URL: http:\/\/www.internist-ab.de<\/span><br \/>\n<span style=\"color: #000000;\">eMail und Messenger: s. u.<\/span><\/p>\n<p>&nbsp;<\/p>\n<p><span style=\"color: #000000;\">Sie erreichen uns zu den Praxissprechzeiten telefonisch oder per Fax unter den oben genannten Nummern. Sollten unsere Mitarbeiterinnen Ihren Anruf bei sehr viel Betrieb an der Rezeption ausnahmsweise einmal nicht sofort entgegennehmen k\u00f6nnen, nutzen Sie bitte die dann aktivierte Anrufbeantworterfunktion und sprechen Ihr Anliegen auf den Anrufbeantworter das Band. Bitte geben Sie eine Telefonnummer an, unter der wir Sie erreichen k\u00f6nnen. Wir melden uns schnellstm\u00f6glichst bei Ihnen.<\/span><\/p>\n<p><span style=\"text-decoration: underline; color: #000000;\"><strong>eMail:<\/strong><\/span><\/p>\n<p><span style=\"color: #000000;\">Selbstverst\u00e4ndlich k\u00f6nnen Sie uns auch eine eMail schicken, sei es wegen einer allgemeinen Anfrage, eines Terminwunsches oder einer Folgerezeptanforderung. S<\/span><span style=\"color: #000000;\">chicken Sie Ihre Nachricht bitte an <em>info (at) internist-ab.de.<\/em><\/span><\/p>\n<p><span style=\"color: #000000;\">Sollten Sie einen Rezeptwunsch \u00fcbermitteln wollen, vergessen Sie bitte nicht, uns folgende Daten mitzuteilen: Name, Vorname, Geburtsdatum. Wir bitten um Verst\u00e4ndnis, da\u00df wir Rezeptw\u00fcnsche nur f\u00fcr uns bereits pers\u00f6nlich bekannte Patienten erf\u00fcllen k\u00f6nnen. F\u00fcr Dauermedikamentbestellungen ben\u00f6tigen wir eine Vorlauffrist von mindestens zwei Tagen.<br \/>\n<\/span><\/p>\n<p><span style=\"text-decoration: underline; color: #000000;\"><strong>Messenger:<\/strong> <\/span><\/p>\n<p><span style=\"color: #000000;\">Sie erreichen uns auch per Threema, Signal oder Telegram oder ganz klassisch per SMS. Mehr Infos gibt es<\/span> <a href=\"https:\/\/wp.internist-ab.de\/?p=1095\">hier<\/a>.<\/p>\n<p><span style=\"color: #000000;\">Wenn Sie einen Termin mit uns vereinbaren m\u00f6chten, bitten wir um die Angabe einer R\u00fcckrufnummer. Bitte beachten Sie auch unsere<\/span> <a title=\"Datenschutz\" href=\"https:\/\/wp.internist-ab.de\/?page_id=37\">Datenschutzhinweise<\/a>.<\/p>\n<p>&nbsp;<\/p>\n","protected":false},"excerpt":{"rendered":"<p>Unsere Kontaktdaten: Wei\u00dfenburger Str. 20-24, 63739 Aschaffenburg Telefon 06021 &#8211; 12071, Fax 06021-12073 URL: http:\/\/www.internist-ab.de eMail und Messenger: s. u. &nbsp; Sie erreichen uns zu den Praxissprechzeiten telefonisch oder per Fax unter den oben genannten Nummern. Sollten unsere Mitarbeiterinnen Ihren<\/p>\n","protected":false},"author":1,"featured_media":0,"parent":0,"menu_order":7,"comment_status":"closed","ping_status":"closed","template":"","meta":{"footnotes":""},"class_list":["post-33","page","type-page","status-publish","hentry"],"_links":{"self":[{"href":"https:\/\/wp.internist-ab.de\/index.php?rest_route=\/wp\/v2\/pages\/33","targetHints":{"allow":["GET"]}}],"collection":[{"href":"https:\/\/wp.internist-ab.de\/index.php?rest_route=\/wp\/v2\/pages"}],"about":[{"href":"https:\/\/wp.internist-ab.de\/index.php?rest_route=\/wp\/v2\/types\/page"}],"author":[{"embeddable":true,"href":"https:\/\/wp.internist-ab.de\/index.php?rest_route=\/wp\/v2\/users\/1"}],"replies":[{"embeddable":true,"href":"https:\/\/wp.internist-ab.de\/index.php?rest_route=%2Fwp%2Fv2%2Fcomments&post=33"}],"version-history":[{"count":23,"href":"https:\/\/wp.internist-ab.de\/index.php?rest_route=\/wp\/v2\/pages\/33\/revisions"}],"predecessor-version":[{"id":1892,"href":"https:\/\/wp.internist-ab.de\/index.php?rest_route=\/wp\/v2\/pages\/33\/revisions\/1892"}],"wp:attachment":[{"href":"https:\/\/wp.internist-ab.de\/index.php?rest_route=%2Fwp%2Fv2%2Fmedia&parent=33"}],"curies":[{"name":"wp","href":"https:\/\/api.w.org\/{rel}","templated":true}]}}