{"id":29,"date":"2013-07-24T17:25:19","date_gmt":"2013-07-24T15:25:19","guid":{"rendered":"http:\/\/wp.internist-ab.de\/?page_id=29"},"modified":"2021-11-06T20:00:25","modified_gmt":"2021-11-06T19:00:25","slug":"aktuelle-informationen","status":"publish","type":"page","link":"https:\/\/wp.internist-ab.de\/?page_id=29","title":{"rendered":"Aktuelles"},"content":{"rendered":"<p><span style=\"color: #000000;\">Es tut sich viel in der Medizin und in der Gesundheitspolitik, und nicht immer ist alles so transparent, wie man sich das w\u00fcnschen w\u00fcrde. Hier finden Sie Artikel und Beitr\u00e4ge zu aktuellen Themen aus dem weiten Feld der Medizin und der Gesundheitspolitik, die in erster Linie unsere Sicht der Dinge darstellen. Beitr\u00e4ge von anderen Autoren werden als solche gekennzeichnet und mit deren Einverst\u00e4ndnis ver\u00f6ffentlicht.<\/span><\/p>\n<p><a title=\"Aktuelle Informationen\" href=\"https:\/\/wp.internist-ab.de\/?page_id=65\">Hier<\/a> <span style=\"color: #000000;\">finden Sie aktuelle Informationen<\/span><\/p>\n","protected":false},"excerpt":{"rendered":"<p>Es tut sich viel in der Medizin und in der Gesundheitspolitik, und nicht immer ist alles so transparent, wie man sich das w\u00fcnschen w\u00fcrde. Hier finden Sie Artikel und Beitr\u00e4ge zu aktuellen Themen aus dem weiten Feld der Medizin und<\/p>\n","protected":false},"author":1,"featured_media":0,"parent":0,"menu_order":6,"comment_status":"closed","ping_status":"closed","template":"","meta":{"footnotes":""},"class_list":["post-29","page","type-page","status-publish","hentry"],"_links":{"self":[{"href":"https:\/\/wp.internist-ab.de\/index.php?rest_route=\/wp\/v2\/pages\/29","targetHints":{"allow":["GET"]}}],"collection":[{"href":"https:\/\/wp.internist-ab.de\/index.php?rest_route=\/wp\/v2\/pages"}],"about":[{"href":"https:\/\/wp.internist-ab.de\/index.php?rest_route=\/wp\/v2\/types\/page"}],"author":[{"embeddable":true,"href":"https:\/\/wp.internist-ab.de\/index.php?rest_route=\/wp\/v2\/users\/1"}],"replies":[{"embeddable":true,"href":"https:\/\/wp.internist-ab.de\/index.php?rest_route=%2Fwp%2Fv2%2Fcomments&post=29"}],"version-history":[{"count":9,"href":"https:\/\/wp.internist-ab.de\/index.php?rest_route=\/wp\/v2\/pages\/29\/revisions"}],"predecessor-version":[{"id":1631,"href":"https:\/\/wp.internist-ab.de\/index.php?rest_route=\/wp\/v2\/pages\/29\/revisions\/1631"}],"wp:attachment":[{"href":"https:\/\/wp.internist-ab.de\/index.php?rest_route=%2Fwp%2Fv2%2Fmedia&parent=29"}],"curies":[{"name":"wp","href":"https:\/\/api.w.org\/{rel}","templated":true}]}}