{"id":27,"date":"2013-07-24T17:23:42","date_gmt":"2013-07-24T15:23:42","guid":{"rendered":"http:\/\/wp.internist-ab.de\/?page_id=27"},"modified":"2024-01-23T10:02:28","modified_gmt":"2024-01-23T09:02:28","slug":"lageplan","status":"publish","type":"page","link":"https:\/\/wp.internist-ab.de\/?page_id=27","title":{"rendered":"Lageplan"},"content":{"rendered":"<h3><span style=\"font-family: arial, helvetica, sans-serif; color: #000000;\">Wo finden Sie uns?<\/span><\/h3>\n<p><span style=\"color: #000000;\">Unsere Anschrift: Wei\u00dfenburger Str. <a style=\"color: #000000;\" href=\"https:\/\/wp.internist-ab.de\/?p=460\" target=\"_blank\" rel=\"noopener noreferrer\">20-24<\/a>, 63739 Aschaffenburg<\/span><\/p>\n<p><iframe loading=\"lazy\" style=\"border: 1px solid black;\" src=\"https:\/\/www.openstreetmap.org\/export\/embed.html?bbox=9.1447373674395%2C49.97735927847162%2C9.147266690540544%2C49.97825104480447&amp;layer=mapnik&amp;marker=49.97780516370406%2C9.146002028989983\" width=\"625\" height=\"350\" frameborder=\"0\" marginwidth=\"0\" marginheight=\"0\" scrolling=\"no\"><span style=\"display: inline-block; width: 0px; overflow: hidden; line-height: 0;\" data-mce-type=\"bookmark\" class=\"mce_SELRES_start\">\ufeff<\/span><span style=\"display: inline-block; width: 0px; overflow: hidden; line-height: 0;\" data-mce-type=\"bookmark\" class=\"mce_SELRES_start\">\ufeff<\/span><\/iframe><br \/>\n<small><a href=\"https:\/\/www.openstreetmap.org\/?mlat=49.97781&amp;mlon=9.14600#map=19\/49.97781\/9.14600\">Gr\u00f6\u00dfere Karte anzeigen<\/a><\/small><br \/>\n<small><\/small><\/p>\n<p><span style=\"font-family: georgia, palatino, serif; color: #000000;\">Die Praxis ist verkehrsg\u00fcnstig mitten in der Aschaffenburger Innenstadt an der Ecke Luitpoldstra\u00dfe\/Wei\u00dfenburger Stra\u00dfe gelegen, so da\u00df Sie uns bequem mit \u00f6ffentlichen Verkehrsmitteln erreichen k\u00f6nnen.<\/span><\/p>\n<p><a href=\"https:\/\/wp.internist-ab.de\/wp-content\/uploads\/2015\/11\/praxis_aussenansicht.jpg\"><img loading=\"lazy\" decoding=\"async\" class=\"alignleft wp-image-477 size-large\" src=\"https:\/\/wp.internist-ab.de\/wp-content\/uploads\/2015\/11\/praxis_aussenansicht-1024x712.jpg\" alt=\"praxis_aussenansicht\" width=\"720\" height=\"501\" srcset=\"https:\/\/wp.internist-ab.de\/wp-content\/uploads\/2015\/11\/praxis_aussenansicht-1024x712.jpg 1024w, https:\/\/wp.internist-ab.de\/wp-content\/uploads\/2015\/11\/praxis_aussenansicht-300x209.jpg 300w, https:\/\/wp.internist-ab.de\/wp-content\/uploads\/2015\/11\/praxis_aussenansicht-624x434.jpg 624w, https:\/\/wp.internist-ab.de\/wp-content\/uploads\/2015\/11\/praxis_aussenansicht.jpg 1872w\" sizes=\"auto, (max-width: 720px) 100vw, 720px\" \/><\/a><span style=\"color: #000000;\"> Parkm\u00f6glichkeiten gibt es in den umliegenden Stra\u00dfen (Parkschein), ferner stehen Ihnen in der n\u00e4heren Umgebung mehrere Parkh\u00e4user zur Verf\u00fcgung, die alle in wenigen Gehminuten erreichbar sind.<\/span><\/p>\n","protected":false},"excerpt":{"rendered":"<p>Wo finden Sie uns? Unsere Anschrift: Wei\u00dfenburger Str. 20-24, 63739 Aschaffenburg \ufeff\ufeff Gr\u00f6\u00dfere Karte anzeigen Die Praxis ist verkehrsg\u00fcnstig mitten in der Aschaffenburger Innenstadt an der Ecke Luitpoldstra\u00dfe\/Wei\u00dfenburger Stra\u00dfe gelegen, so da\u00df Sie uns bequem mit \u00f6ffentlichen Verkehrsmitteln erreichen k\u00f6nnen.<\/p>\n","protected":false},"author":1,"featured_media":0,"parent":0,"menu_order":5,"comment_status":"closed","ping_status":"closed","template":"","meta":{"footnotes":""},"class_list":["post-27","page","type-page","status-publish","hentry"],"_links":{"self":[{"href":"https:\/\/wp.internist-ab.de\/index.php?rest_route=\/wp\/v2\/pages\/27","targetHints":{"allow":["GET"]}}],"collection":[{"href":"https:\/\/wp.internist-ab.de\/index.php?rest_route=\/wp\/v2\/pages"}],"about":[{"href":"https:\/\/wp.internist-ab.de\/index.php?rest_route=\/wp\/v2\/types\/page"}],"author":[{"embeddable":true,"href":"https:\/\/wp.internist-ab.de\/index.php?rest_route=\/wp\/v2\/users\/1"}],"replies":[{"embeddable":true,"href":"https:\/\/wp.internist-ab.de\/index.php?rest_route=%2Fwp%2Fv2%2Fcomments&post=27"}],"version-history":[{"count":23,"href":"https:\/\/wp.internist-ab.de\/index.php?rest_route=\/wp\/v2\/pages\/27\/revisions"}],"predecessor-version":[{"id":1893,"href":"https:\/\/wp.internist-ab.de\/index.php?rest_route=\/wp\/v2\/pages\/27\/revisions\/1893"}],"wp:attachment":[{"href":"https:\/\/wp.internist-ab.de\/index.php?rest_route=%2Fwp%2Fv2%2Fmedia&parent=27"}],"curies":[{"name":"wp","href":"https:\/\/api.w.org\/{rel}","templated":true}]}}

<h3><span style="font-family: arial, helvetica, sans-serif; color: #000000;">Wo finden Sie uns?</span></h3>
<p><span style="color: #000000;">Unsere Anschrift: Weißenburger Str. <a style="color: #000000;" href="https://wp.internist-ab.de/?p=460" target="_blank" rel="noopener noreferrer">20-24</a>, 63739 Aschaffenburg</span></p>
<p><iframe loading="lazy" style="border: 1px solid black;" src="https://www.openstreetmap.org/export/embed.html?bbox=9.1447373674395%2C49.97735927847162%2C9.147266690540544%2C49.97825104480447&amp;layer=mapnik&amp;marker=49.97780516370406%2C9.146002028989983" width="625" height="350" frameborder="0" marginwidth="0" marginheight="0" scrolling="no"><span style="display: inline-block; width: 0px; overflow: hidden; line-height: 0;" data-mce-type="bookmark" class="mce_SELRES_start">﻿</span><span style="display: inline-block; width: 0px; overflow: hidden; line-height: 0;" data-mce-type="bookmark" class="mce_SELRES_start">﻿</span></iframe><br />
<small><a href="https://www.openstreetmap.org/?mlat=49.97781&amp;mlon=9.14600#map=19/49.97781/9.14600">Größere Karte anzeigen</a></small><br />
<small></small></p>
<p><span style="font-family: georgia, palatino, serif; color: #000000;">Die Praxis ist verkehrsgünstig mitten in der Aschaffenburger Innenstadt an der Ecke Luitpoldstraße/Weißenburger Straße gelegen, so daß Sie uns bequem mit öffentlichen Verkehrsmitteln erreichen können.</span></p>
<p><a href="https://wp.internist-ab.de/wp-content/uploads/2015/11/praxis_aussenansicht.jpg"><img loading="lazy" decoding="async" class="alignleft wp-image-477 size-large" src="https://wp.internist-ab.de/wp-content/uploads/2015/11/praxis_aussenansicht-1024x712.jpg" alt="praxis_aussenansicht" width="720" height="501" srcset="https://wp.internist-ab.de/wp-content/uploads/2015/11/praxis_aussenansicht-1024x712.jpg 1024w, https://wp.internist-ab.de/wp-content/uploads/2015/11/praxis_aussenansicht-300x209.jpg 300w, https://wp.internist-ab.de/wp-content/uploads/2015/11/praxis_aussenansicht-624x434.jpg 624w, https://wp.internist-ab.de/wp-content/uploads/2015/11/praxis_aussenansicht.jpg 1872w" sizes="auto, (max-width: 720px) 100vw, 720px" /></a><span style="color: #000000;"> Parkmöglichkeiten gibt es in den umliegenden Straßen (Parkschein), ferner stehen Ihnen in der näheren Umgebung mehrere Parkhäuser zur Verfügung, die alle in wenigen Gehminuten erreichbar sind.</span></p>

<p>Wo finden Sie uns? Unsere Anschrift: Weißenburger Str. 20-24, 63739 Aschaffenburg ﻿﻿ Größere Karte anzeigen Die Praxis ist verkehrsgünstig mitten in der Aschaffenburger Innenstadt an der Ecke Luitpoldstraße/Weißenburger Straße gelegen, so daß Sie uns bequem mit öffentlichen Verkehrsmitteln erreichen können.</p>
