{"id":18,"date":"2013-07-24T17:16:06","date_gmt":"2013-07-24T15:16:06","guid":{"rendered":"http:\/\/wp.internist-ab.de\/?page_id=18"},"modified":"2021-11-06T19:47:34","modified_gmt":"2021-11-06T18:47:34","slug":"dr-med-anke-van-der-does","status":"publish","type":"page","link":"https:\/\/wp.internist-ab.de\/?page_id=18","title":{"rendered":"Dr. med. Anke van der Does"},"content":{"rendered":"<p><span style=\"color: #000000;\">Fach\u00e4rztin f\u00fcr Innere Medizin<\/span><\/p>\n<p><a href=\"https:\/\/wp.internist-ab.de\/wp-content\/uploads\/2017\/10\/vdd_b.jpg\"><img loading=\"lazy\" decoding=\"async\" class=\"aligncenter size-large wp-image-730\" src=\"https:\/\/wp.internist-ab.de\/wp-content\/uploads\/2017\/10\/vdd_b-1024x683.jpg\" alt=\"\" width=\"720\" height=\"480\" srcset=\"https:\/\/wp.internist-ab.de\/wp-content\/uploads\/2017\/10\/vdd_b.jpg 1024w, https:\/\/wp.internist-ab.de\/wp-content\/uploads\/2017\/10\/vdd_b-300x200.jpg 300w, https:\/\/wp.internist-ab.de\/wp-content\/uploads\/2017\/10\/vdd_b-768x512.jpg 768w\" sizes=\"auto, (max-width: 720px) 100vw, 720px\" \/><\/a><\/p>\n<ul>\n<li><span style=\"color: #000000;\">geboren 1970, aufgewachsen bei Darmstadt<\/span><\/li>\n<li><span style=\"color: #000000;\">Medizinstudium in Gie\u00dfen<\/span><\/li>\n<\/ul>\n<p><span style=\"color: #000000;\"><strong>Ausbildungsstationen:<\/strong><\/span><\/p>\n<ol>\n<li><span style=\"color: #000000;\">Knappschaftskrankenhaus Bochum-Langendreer, Innere Medizin<\/span><\/li>\n<li><span style=\"color: #000000;\">Klinikum Offenbach, Klinik f\u00fcr Innere Medizin I, II und III (Gastroenterologie, H\u00e4mato-Onkologie, Kardiologie, Nephrologie)<\/span><\/li>\n<\/ol>\n<p><span style=\"color: #000000;\">Anerkennung als Fach\u00e4rztin f\u00fcr Innere Medizin November 2005<\/span><\/p>\n<h3><span style=\"color: #000000;\">Medizinische Schwerpunkte:<\/span><\/h3>\n<ul>\n<li><span style=\"color: #000000;\">Bluthochdruck- und Herzerkrankungen<\/span><\/li>\n<li><span style=\"color: #000000;\">Magen-, Darm- und Lebererkrankungen<\/span><\/li>\n<li><span style=\"color: #000000;\">Diabetes mellitus Typ 1 und Typ 2<\/span><\/li>\n<li><span style=\"color: #000000;\">Ern\u00e4hrungsmedizin<\/span><\/li>\n<\/ul>\n","protected":false},"excerpt":{"rendered":"<p>Fach\u00e4rztin f\u00fcr Innere Medizin geboren 1970, aufgewachsen bei Darmstadt Medizinstudium in Gie\u00dfen Ausbildungsstationen: Knappschaftskrankenhaus Bochum-Langendreer, Innere Medizin Klinikum Offenbach, Klinik f\u00fcr Innere Medizin I, II und III (Gastroenterologie, H\u00e4mato-Onkologie, Kardiologie, Nephrologie) Anerkennung als Fach\u00e4rztin f\u00fcr Innere Medizin November 2005 Medizinische<\/p>\n","protected":false},"author":1,"featured_media":0,"parent":14,"menu_order":2,"comment_status":"closed","ping_status":"closed","template":"","meta":{"footnotes":""},"class_list":["post-18","page","type-page","status-publish","hentry"],"_links":{"self":[{"href":"https:\/\/wp.internist-ab.de\/index.php?rest_route=\/wp\/v2\/pages\/18","targetHints":{"allow":["GET"]}}],"collection":[{"href":"https:\/\/wp.internist-ab.de\/index.php?rest_route=\/wp\/v2\/pages"}],"about":[{"href":"https:\/\/wp.internist-ab.de\/index.php?rest_route=\/wp\/v2\/types\/page"}],"author":[{"embeddable":true,"href":"https:\/\/wp.internist-ab.de\/index.php?rest_route=\/wp\/v2\/users\/1"}],"replies":[{"embeddable":true,"href":"https:\/\/wp.internist-ab.de\/index.php?rest_route=%2Fwp%2Fv2%2Fcomments&post=18"}],"version-history":[{"count":13,"href":"https:\/\/wp.internist-ab.de\/index.php?rest_route=\/wp\/v2\/pages\/18\/revisions"}],"predecessor-version":[{"id":1620,"href":"https:\/\/wp.internist-ab.de\/index.php?rest_route=\/wp\/v2\/pages\/18\/revisions\/1620"}],"up":[{"embeddable":true,"href":"https:\/\/wp.internist-ab.de\/index.php?rest_route=\/wp\/v2\/pages\/14"}],"wp:attachment":[{"href":"https:\/\/wp.internist-ab.de\/index.php?rest_route=%2Fwp%2Fv2%2Fmedia&parent=18"}],"curies":[{"name":"wp","href":"https:\/\/api.w.org\/{rel}","templated":true}]}}

<p><span style="color: #000000;">Fachärztin für Innere Medizin</span></p>
<p><a href="https://wp.internist-ab.de/wp-content/uploads/2017/10/vdd_b.jpg"><img loading="lazy" decoding="async" class="aligncenter size-large wp-image-730" src="https://wp.internist-ab.de/wp-content/uploads/2017/10/vdd_b-1024x683.jpg" alt="" width="720" height="480" srcset="https://wp.internist-ab.de/wp-content/uploads/2017/10/vdd_b.jpg 1024w, https://wp.internist-ab.de/wp-content/uploads/2017/10/vdd_b-300x200.jpg 300w, https://wp.internist-ab.de/wp-content/uploads/2017/10/vdd_b-768x512.jpg 768w" sizes="auto, (max-width: 720px) 100vw, 720px" /></a></p>
<ul>
<li><span style="color: #000000;">geboren 1970, aufgewachsen bei Darmstadt</span></li>
<li><span style="color: #000000;">Medizinstudium in Gießen</span></li>
</ul>
<p><span style="color: #000000;"><strong>Ausbildungsstationen:</strong></span></p>
<ol>
<li><span style="color: #000000;">Knappschaftskrankenhaus Bochum-Langendreer, Innere Medizin</span></li>
<li><span style="color: #000000;">Klinikum Offenbach, Klinik für Innere Medizin I, II und III (Gastroenterologie, Hämato-Onkologie, Kardiologie, Nephrologie)</span></li>
</ol>
<p><span style="color: #000000;">Anerkennung als Fachärztin für Innere Medizin November 2005</span></p>
<h3><span style="color: #000000;">Medizinische Schwerpunkte:</span></h3>
<ul>
<li><span style="color: #000000;">Bluthochdruck- und Herzerkrankungen</span></li>
<li><span style="color: #000000;">Magen-, Darm- und Lebererkrankungen</span></li>
<li><span style="color: #000000;">Diabetes mellitus Typ 1 und Typ 2</span></li>
<li><span style="color: #000000;">Ernährungsmedizin</span></li>
</ul>

<p>Fachärztin für Innere Medizin geboren 1970, aufgewachsen bei Darmstadt Medizinstudium in Gießen Ausbildungsstationen: Knappschaftskrankenhaus Bochum-Langendreer, Innere Medizin Klinikum Offenbach, Klinik für Innere Medizin I, II und III (Gastroenterologie, Hämato-Onkologie, Kardiologie, Nephrologie) Anerkennung als Fachärztin für Innere Medizin November 2005 Medizinische</p>
