{"id":12,"date":"2013-07-24T17:04:50","date_gmt":"2013-07-24T15:04:50","guid":{"rendered":"http:\/\/wp.internist-ab.de\/?page_id=12"},"modified":"2021-11-06T18:40:48","modified_gmt":"2021-11-06T17:40:48","slug":"sie-und-wir","status":"publish","type":"page","link":"https:\/\/wp.internist-ab.de\/?page_id=12","title":{"rendered":"Sie und wir"},"content":{"rendered":"<p><span style=\"color: #000000;\">Sie sind unsere wichtigsten Partner, wenn es um den Erhalt Ihres wertvollsten Gutes geht &#8211; Ihrer Gesundheit.<\/span><\/p>\n<p><span style=\"color: #000000;\">Mit Ihnen zusammen l\u00e4sst sich vieles verhindern, wenn Sie und wir am Ball bleiben und so verhindern, dass Krankheiten \u00fcberhaupt erst entstehen bzw. bestehende Krankheiten sich verschlimmern und zu weiteren Sch\u00e4den f\u00fchren.<\/span><\/p>\n<p><span style=\"color: #000000;\">Medikamente und sonstige Hilfsmittel sind sch\u00f6n und gut, aber wichtiger ist das rechtzeitige Erkennen von Krankheiten und vor allem eine entsprechende Vorbeugung.<\/span><\/p>\n<p><span style=\"color: #000000;\">Hierbei wollen wir Ihnen helfen und Ihnen als fachkundige Lotsen durch das Wirrwarr der menschlichen Gesundheit dienen.<\/span><\/p>\n<p><span style=\"color: #000000;\">Werfen Sie einen Blick auf unsere Angebote f\u00fcr Sie und entdecken Sie, was wir alles f\u00fcr Sie und Ihre Gesundheit tun k\u00f6nnen.<\/span><\/p>\n<p>&nbsp;<\/p>\n","protected":false},"excerpt":{"rendered":"<p>Sie sind unsere wichtigsten Partner, wenn es um den Erhalt Ihres wertvollsten Gutes geht &#8211; Ihrer Gesundheit. Mit Ihnen zusammen l\u00e4sst sich vieles verhindern, wenn Sie und wir am Ball bleiben und so verhindern, dass Krankheiten \u00fcberhaupt erst entstehen bzw.<\/p>\n","protected":false},"author":1,"featured_media":0,"parent":0,"menu_order":2,"comment_status":"closed","ping_status":"closed","template":"","meta":{"footnotes":""},"class_list":["post-12","page","type-page","status-publish","hentry"],"_links":{"self":[{"href":"https:\/\/wp.internist-ab.de\/index.php?rest_route=\/wp\/v2\/pages\/12","targetHints":{"allow":["GET"]}}],"collection":[{"href":"https:\/\/wp.internist-ab.de\/index.php?rest_route=\/wp\/v2\/pages"}],"about":[{"href":"https:\/\/wp.internist-ab.de\/index.php?rest_route=\/wp\/v2\/types\/page"}],"author":[{"embeddable":true,"href":"https:\/\/wp.internist-ab.de\/index.php?rest_route=\/wp\/v2\/users\/1"}],"replies":[{"embeddable":true,"href":"https:\/\/wp.internist-ab.de\/index.php?rest_route=%2Fwp%2Fv2%2Fcomments&post=12"}],"version-history":[{"count":3,"href":"https:\/\/wp.internist-ab.de\/index.php?rest_route=\/wp\/v2\/pages\/12\/revisions"}],"predecessor-version":[{"id":1596,"href":"https:\/\/wp.internist-ab.de\/index.php?rest_route=\/wp\/v2\/pages\/12\/revisions\/1596"}],"wp:attachment":[{"href":"https:\/\/wp.internist-ab.de\/index.php?rest_route=%2Fwp%2Fv2%2Fmedia&parent=12"}],"curies":[{"name":"wp","href":"https:\/\/api.w.org\/{rel}","templated":true}]}}