{"id":114,"date":"2013-07-25T22:23:59","date_gmt":"2013-07-25T20:23:59","guid":{"rendered":"http:\/\/wp.internist-ab.de\/?page_id=114"},"modified":"2025-08-16T20:55:19","modified_gmt":"2025-08-16T18:55:19","slug":"114-2","status":"publish","type":"page","link":"https:\/\/wp.internist-ab.de\/?page_id=114","title":{"rendered":"Gesundheitschecks f\u00fcr Unternehmen"},"content":{"rendered":"<h3><span style=\"color: #000000;\">F\u00fchren Sie ein Unternehmen?<\/span><\/h3>\n<p><span style=\"color: #000000;\">Ihre Mitarbeiterinnen und Mitarbeiter sind die Basis Ihres Erfolg &#8211; und die Gesundheit Ihres Personals ist essentiell f\u00fcr die Wettbewerbsf\u00e4higkeit Ihres Unternehmens.<\/span><\/p>\n<p><span style=\"color: #000000;\">Die Datenlage zeigt eindeutig, da\u00df regelm\u00e4\u00dfige Gesundheitsuntersuchungen Ihrer Mitarbeiterinnen und Mitarbeiter auch au\u00dferhalb rein arbeitsmedizinischer Belange den Krankenstand in einem Unternehmen deutlich reduzieren k\u00f6nnen, zum Wohlbefinden der Angestellten beitragen und damit \u00f6konomisch sinnvoll sind.<\/span><\/p>\n<p><span style=\"color: #000000;\">Wir bieten Ihnen individuell konfigurierte Vorsorgepakete f\u00fcr Ihr Personal nach Absprache, um den Erfolg Ihres Unternehmens aus medizinischer Sicht zu st\u00fctzen.<\/span><\/p>\n<p><span style=\"color: #000000;\">Wenn Sie sich jetzt angesprochen f\u00fchlen, lassen Sie sich von uns <\/span><a title=\"Kontakt\" href=\"https:\/\/wp.internist-ab.de\/?page_id=33\">beraten<\/a>.<\/p>\n<p>&nbsp;<\/p>\n","protected":false},"excerpt":{"rendered":"<p>F\u00fchren Sie ein Unternehmen? Ihre Mitarbeiterinnen und Mitarbeiter sind die Basis Ihres Erfolg &#8211; und die Gesundheit Ihres Personals ist essentiell f\u00fcr die Wettbewerbsf\u00e4higkeit Ihres Unternehmens. Die Datenlage zeigt eindeutig, da\u00df regelm\u00e4\u00dfige Gesundheitsuntersuchungen Ihrer Mitarbeiterinnen und Mitarbeiter auch au\u00dferhalb rein<\/p>\n","protected":false},"author":1,"featured_media":0,"parent":44,"menu_order":2,"comment_status":"closed","ping_status":"closed","template":"","meta":{"footnotes":""},"class_list":["post-114","page","type-page","status-publish","hentry"],"_links":{"self":[{"href":"https:\/\/wp.internist-ab.de\/index.php?rest_route=\/wp\/v2\/pages\/114","targetHints":{"allow":["GET"]}}],"collection":[{"href":"https:\/\/wp.internist-ab.de\/index.php?rest_route=\/wp\/v2\/pages"}],"about":[{"href":"https:\/\/wp.internist-ab.de\/index.php?rest_route=\/wp\/v2\/types\/page"}],"author":[{"embeddable":true,"href":"https:\/\/wp.internist-ab.de\/index.php?rest_route=\/wp\/v2\/users\/1"}],"replies":[{"embeddable":true,"href":"https:\/\/wp.internist-ab.de\/index.php?rest_route=%2Fwp%2Fv2%2Fcomments&post=114"}],"version-history":[{"count":4,"href":"https:\/\/wp.internist-ab.de\/index.php?rest_route=\/wp\/v2\/pages\/114\/revisions"}],"predecessor-version":[{"id":1604,"href":"https:\/\/wp.internist-ab.de\/index.php?rest_route=\/wp\/v2\/pages\/114\/revisions\/1604"}],"up":[{"embeddable":true,"href":"https:\/\/wp.internist-ab.de\/index.php?rest_route=\/wp\/v2\/pages\/44"}],"wp:attachment":[{"href":"https:\/\/wp.internist-ab.de\/index.php?rest_route=%2Fwp%2Fv2%2Fmedia&parent=114"}],"curies":[{"name":"wp","href":"https:\/\/api.w.org\/{rel}","templated":true}]}}